{"id":36,"date":"2016-07-20T07:52:51","date_gmt":"2016-07-20T07:52:51","guid":{"rendered":"http:\/\/autoservice.notoriousthemes.com\/demo1\/?page_id=6"},"modified":"2026-04-10T10:27:18","modified_gmt":"2026-04-10T10:27:18","slug":"home","status":"publish","type":"page","link":"https:\/\/bojarinow.de\/","title":{"rendered":"Home"},"content":{"rendered":"<div class=\"wpb-content-wrapper\"><p>[vc_row padding_top=&#8220;0&#8243; class=&#8220;row-inner-wrapper-zerospace&#8220;][vc_column]<div class=\"amt-slider\" aria-roledescription=\"Karussell\">\n  <div class=\"amt-slider__track\">\n        <div class=\"amt-slide is-active\" role=\"group\" aria-roledescription=\"Slide\" aria-label=\"1 von 4\">\n      <img class=\"amt-slide__img\" src=\"https:\/\/bojarinow.de\/wp-content\/uploads\/2022\/03\/halle_alt.jpg\" alt=\"AMT Bojarinow Halle in Bad Oldesloe\" loading=\"eager\" decoding=\"async\">\n      <div class=\"amt-slide__overlay\"><\/div>\n      <div class=\"amt-slide__caption\">\n        <span class=\"amt-slide__kicker\">Willkommen in Bad Oldesloe<\/span>\n        <h2 class=\"amt-slide__headline\">Ihre Werkstatt im Gewerbegebiet Sandkamp<\/h2>\n        <p class=\"amt-slide__text\">Sie finden uns im Gewerbegebiet im s\u00fcdlichen Bad Oldesloe. Kompetent, zuverl\u00e4ssig und pers\u00f6nlich.<\/p>\n      <\/div>\n    <\/div>\n        <div class=\"amt-slide\" role=\"group\" aria-roledescription=\"Slide\" aria-label=\"2 von 4\">\n      <img class=\"amt-slide__img\" src=\"https:\/\/bojarinow.de\/wp-content\/uploads\/2022\/03\/mechaniker_2.jpg\" alt=\"Erfahrener Mechaniker bei der Arbeit\" loading=\"lazy\" decoding=\"async\">\n      <div class=\"amt-slide__overlay\"><\/div>\n      <div class=\"amt-slide__caption\">\n        <span class=\"amt-slide__kicker\">Erfahrene Mechaniker<\/span>\n        <h2 class=\"amt-slide__headline\">Sicherheit ist das oberste Gebot<\/h2>\n        <p class=\"amt-slide__text\">Wir schauen lieber einmal mehr darauf. Kundenservice wird bei uns gro\u00dfgeschrieben.<\/p>\n      <\/div>\n    <\/div>\n        <div class=\"amt-slide\" role=\"group\" aria-roledescription=\"Slide\" aria-label=\"3 von 4\">\n      <img class=\"amt-slide__img\" src=\"https:\/\/bojarinow.de\/wp-content\/uploads\/2022\/03\/dekra_1-1.jpg\" alt=\"DEKRA Hauptuntersuchung\" loading=\"lazy\" decoding=\"async\">\n      <div class=\"amt-slide__overlay\"><\/div>\n      <div class=\"amt-slide__caption\">\n        <span class=\"amt-slide__kicker\">DEKRA Hauptuntersuchung<\/span>\n        <h2 class=\"amt-slide__headline\">W\u00f6chentlich mit Termin<\/h2>\n        <p class=\"amt-slide__text\">Vereinbaren Sie rechtzeitig Ihren Termin zur T\u00dcV-Untersuchung direkt bei uns in der Werkstatt.<\/p>\n      <\/div>\n    <\/div>\n        <div class=\"amt-slide\" role=\"group\" aria-roledescription=\"Slide\" aria-label=\"4 von 4\">\n      <img class=\"amt-slide__img\" src=\"https:\/\/bojarinow.de\/wp-content\/uploads\/2022\/04\/boots_slider.jpg\" alt=\"Bootsmotor Reparatur\" loading=\"lazy\" decoding=\"async\">\n      <div class=\"amt-slide__overlay\"><\/div>\n      <div class=\"amt-slide__caption\">\n        <span class=\"amt-slide__kicker\">Ab sofort<\/span>\n        <h2 class=\"amt-slide__headline\">Bootsmotor-Reparaturen<\/h2>\n        <p class=\"amt-slide__text\">Wir bieten Ihnen die Wartung und Instandsetzung von Bootsmotoren aller Fabrikate.<\/p>\n      <\/div>\n    <\/div>\n      <\/div>\n  <button class=\"amt-slider__arrow amt-slider__arrow--prev\" type=\"button\" aria-label=\"Vorherige Folie\">&#10094;<\/button>\n  <button class=\"amt-slider__arrow amt-slider__arrow--next\" type=\"button\" aria-label=\"N\u00e4chste Folie\">&#10095;<\/button>\n  <div class=\"amt-slider__dots\" role=\"tablist\">\n        <button class=\"amt-slider__dot is-active\" type=\"button\" role=\"tab\" aria-label=\"Folie 1\" data-index=\"0\"><\/button>\n        <button class=\"amt-slider__dot\" type=\"button\" role=\"tab\" aria-label=\"Folie 2\" data-index=\"1\"><\/button>\n        <button class=\"amt-slider__dot\" type=\"button\" role=\"tab\" aria-label=\"Folie 3\" data-index=\"2\"><\/button>\n        <button class=\"amt-slider__dot\" type=\"button\" role=\"tab\" aria-label=\"Folie 4\" data-index=\"3\"><\/button>\n      <\/div>\n<\/div>\n[\/vc_column][\/vc_row][vc_row full_width=&#8220;stretch_row&#8220; row_type=&#8220;row_full_center_content&#8220; margin_top=&#8220;-110&#8243; padding_bottom=&#8220;80&#8243; css=&#8220;.vc_custom_1648921749686{margin-top: 50px !important;padding-bottom: 70px !important;}&#8220;][vc_column width=&#8220;1\/3&#8243;][autoservice_featured_box featured_image=&#8220;2502&#8243; featured_title=&#8220;Dienstags T\u00dcV-Untersuchung&#8220; featured_excerpt=&#8220;In unserem Haus pr\u00fcft DEKRA, als amtlich anerkannte Pr\u00fcforganisation, Ihr Fahrzeug auf Verkehrst\u00fcchtigkeit und auf Erf\u00fcllung von Sicherheitsstandards. Wir pr\u00fcfen Ihr Fahrzeug visuell, manuell und\/oder elektronisch (auch \u00fcber die elektronische Fahrzeugschnittstelle).&#8220;][\/vc_column][vc_column width=&#8220;1\/3&#8243;][autoservice_featured_box featured_image=&#8220;2516&#8243; featured_title=&#8220;Reifenservice &#8211; schnell &amp; flexibel&#8220; featured_excerpt=&#8220;Da die Sicherheit bei uns an erster Stelle kommt, legen wir Wert auf ein zuverl\u00e4ssiges, gr\u00fcndliches und pr\u00e4zises Arbeiten. Durch zahlreiche Services unterst\u00fctzen wir neben Fahrsicherheit und Fahrkomfort auch die Lebensdauer der Fahrzeugreifen&#8220;][\/vc_column][vc_column width=&#8220;1\/3&#8243;][autoservice_featured_box featured_image=&#8220;2518&#8243; featured_title=&#8220;Jetboot Vermietung&#8220; featured_excerpt=&#8220;Um ein Jetboot bei uns zu mieten, solltest Du min. 21 Jahre alt sein. Am Tag der Abholung einen g\u00fcltigen Personalausweis oder Reisepass griffbereit haben und einen Sportbootf\u00fchrerschein vorzeigen k\u00f6nnen. Gut Schwimmen zu k\u00f6nnen ist ebenfalls von Vorteil.&#8220;][\/vc_column][\/vc_row][vc_row full_width=&#8220;stretch_row&#8220; parallax=&#8220;content-moving&#8220; parallax_speed_bg=&#8220;2.5&#8243; row_type=&#8220;row_full_center_content&#8220; row_parallax=&#8220;false&#8220; padding_top=&#8220;140&#8243; padding_bottom=&#8220;140&#8243; css=&#8220;.vc_custom_1648644941278{padding-top: 100px !important;padding-bottom: 120px !important;background-image: url(https:\/\/amt-bojarinow.de\/wp-content\/uploads\/2022\/03\/jetski_2.jpg?id=2511) !important;}&#8220; el_class=&#8220;dark_bg_overlay&#8220;][vc_column][autoservice_custom_heading heading=&#8220;JETSKIVERMIETUNG&#8220; heading_color=&#8220;#ffffff&#8220; position=&#8220;left&#8220; size=&#8220;16&#8243;][autoservice_custom_heading heading=&#8220;Wir bringen den Jetski auf Wunsch an den Einsatzort. Abholung bei uns inkl. Trailer ist ebenfalls m\u00f6glich&#8220; heading_color=&#8220;#ffffff&#8220; position=&#8220;left&#8220; size=&#8220;28&#8243;][\/vc_column][\/vc_row][vc_row row_type=&#8220;row_full_center_content&#8220; padding_top=&#8220;100&#8243; class=&#8220;remove-excess-padding&#8220; padding_left=&#8220;20&#8243; padding_right=&#8220;20&#8243; css=&#8220;.vc_custom_1648921352550{padding-top: 25px !important;padding-bottom: 25px !important;}&#8220;][vc_column][autoservice_custom_heading heading=&#8220;Unser Service im \u00dcberblick&#8220; heading_color=&#8220;&#8220; position=&#8220;left&#8220;][autoservice_services_carousel services_carousel_per_row=&#8220;3&#8243; services_carousel_show_dots=&#8220;false&#8220; services_carousel_show_nav=&#8220;true&#8220; services_carousel_slide_speed=&#8220;500&#8243; services_carousel_number=&#8220;-1&#8243;][\/vc_column][\/vc_row][vc_row full_width=&#8220;stretch_row&#8220; parallax=&#8220;content-moving&#8220; parallax_speed_bg=&#8220;2.5&#8243; row_type=&#8220;row_full_center_content&#8220; bg_position=&#8220;center bottom&#8220; row_parallax=&#8220;false&#8220; padding_top=&#8220;140&#8243; padding_bottom=&#8220;140&#8243; css=&#8220;.vc_custom_1648735823027{padding-top: 100px !important;padding-bottom: 120px !important;background-image: url(https:\/\/amt-bojarinow.de\/wp-content\/uploads\/2022\/03\/werkstatt_seite.jpg?id=2522) !important;}&#8220; el_class=&#8220;dark_bg_overlay&#8220;][vc_column][autoservice_custom_heading heading=&#8220;ERWEITERUNG UNSERER GESCH\u00c4FTSR\u00c4UME&#8220; heading_color=&#8220;#ffffff&#8220; position=&#8220;right&#8220; size=&#8220;16&#8243;][autoservice_custom_heading heading=&#8220;Derzeit arbeiten wir an einer Erweiterung unseres Unternehmens. Der Gesch\u00e4ftsverkehr geht ungehindert weiter&#8230;&#8220; heading_color=&#8220;#ffffff&#8220; position=&#8220;right&#8220; size=&#8220;28&#8243;][\/vc_column][\/vc_row][vc_row row_type=&#8220;row_full_center_content&#8220; padding_top=&#8220;10&#8243; padding_bottom=&#8220;100&#8243; class=&#8220;display-none-mobile&#8220; css=&#8220;.vc_custom_1648921677230{padding-top: 35px !important;padding-bottom: 35px !important;}&#8220;][vc_column width=&#8220;1\/3&#8243;][autoservice_custom_heading heading=&#8220;Die Werkstatt&#8220; heading_color=&#8220;&#8220; position=&#8220;left&#8220; margin_top=&#8220;1&#8243;][vc_column_text]Seit Anfang 2014 sind wir in Bad Oldesloe mit unserem Dienstleistungsbetrieb aktiv. Eine Vielzahl an Kunden haben sich bereits im Gewerbegebiet Sandkamp ein erstes eigenes \u201eBild\u201c gemacht. F\u00fcr uns ist es wichtig, dass der Kunde zufrieden ist und mit einem guten Gef\u00fchl gerne wieder zu uns kommt. Derzeit arbeiten wir an einem Betriebsausbau, den wir voraussichtlich bis zum Herbst 2022 abschlie\u00dfen.[\/vc_column_text][\/vc_column][vc_column width=&#8220;1\/3&#8243;][autoservice_featured_box featured_image=&#8220;10391&#8243;][\/vc_column][vc_column width=&#8220;1\/3&#8243;][autoservice_featured_box featured_image=&#8220;10392&#8243;][\/vc_column][\/vc_row]<\/p>\n<\/div>","protected":false},"excerpt":{"rendered":"<p>[vc_row padding_top=&#8220;0&#8243; class=&#8220;row-inner-wrapper-zerospace&#8220;][vc_column][\/vc_column][\/vc_row][vc_row full_width=&#8220;stretch_row&#8220; row_type=&#8220;row_full_center_content&#8220; margin_top=&#8220;-110&#8243; padding_bottom=&#8220;80&#8243; css=&#8220;.vc_custom_1648921749686{margin-top: 50px !important;padding-bottom: 70px !important;}&#8220;][vc_column width=&#8220;1\/3&#8243;][autoservice_featured_box featured_image=&#8220;2502&#8243; featured_title=&#8220;Dienstags T\u00dcV-Untersuchung&#8220; featured_excerpt=&#8220;In unserem&#8230;<\/p>\n","protected":false},"author":1,"featured_media":0,"parent":0,"menu_order":0,"comment_status":"closed","ping_status":"closed","template":"","meta":{"footnotes":""},"class_list":["post-36","page","type-page","status-publish","hentry"],"_links":{"self":[{"href":"https:\/\/bojarinow.de\/index.php?rest_route=\/wp\/v2\/pages\/36","targetHints":{"allow":["GET"]}}],"collection":[{"href":"https:\/\/bojarinow.de\/index.php?rest_route=\/wp\/v2\/pages"}],"about":[{"href":"https:\/\/bojarinow.de\/index.php?rest_route=\/wp\/v2\/types\/page"}],"author":[{"embeddable":true,"href":"https:\/\/bojarinow.de\/index.php?rest_route=\/wp\/v2\/users\/1"}],"replies":[{"embeddable":true,"href":"https:\/\/bojarinow.de\/index.php?rest_route=%2Fwp%2Fv2%2Fcomments&post=36"}],"version-history":[{"count":49,"href":"https:\/\/bojarinow.de\/index.php?rest_route=\/wp\/v2\/pages\/36\/revisions"}],"predecessor-version":[{"id":10542,"href":"https:\/\/bojarinow.de\/index.php?rest_route=\/wp\/v2\/pages\/36\/revisions\/10542"}],"wp:attachment":[{"href":"https:\/\/bojarinow.de\/index.php?rest_route=%2Fwp%2Fv2%2Fmedia&parent=36"}],"curies":[{"name":"wp","href":"https:\/\/api.w.org\/{rel}","templated":true}]}}

<div class="wpb-content-wrapper"><p>[vc_row padding_top=&#8220;0&#8243; class=&#8220;row-inner-wrapper-zerospace&#8220;][vc_column]<div class="amt-slider" aria-roledescription="Karussell">
  <div class="amt-slider__track">
        <div class="amt-slide is-active" role="group" aria-roledescription="Slide" aria-label="1 von 4">
      <img class="amt-slide__img" src="https://bojarinow.de/wp-content/uploads/2022/03/halle_alt.jpg" alt="AMT Bojarinow Halle in Bad Oldesloe" loading="eager" decoding="async">
      <div class="amt-slide__overlay"></div>
      <div class="amt-slide__caption">
        <span class="amt-slide__kicker">Willkommen in Bad Oldesloe</span>
        <h2 class="amt-slide__headline">Ihre Werkstatt im Gewerbegebiet Sandkamp</h2>
        <p class="amt-slide__text">Sie finden uns im Gewerbegebiet im südlichen Bad Oldesloe. Kompetent, zuverlässig und persönlich.</p>
      </div>
    </div>
        <div class="amt-slide" role="group" aria-roledescription="Slide" aria-label="2 von 4">
      <img class="amt-slide__img" src="https://bojarinow.de/wp-content/uploads/2022/03/mechaniker_2.jpg" alt="Erfahrener Mechaniker bei der Arbeit" loading="lazy" decoding="async">
      <div class="amt-slide__overlay"></div>
      <div class="amt-slide__caption">
        <span class="amt-slide__kicker">Erfahrene Mechaniker</span>
        <h2 class="amt-slide__headline">Sicherheit ist das oberste Gebot</h2>
        <p class="amt-slide__text">Wir schauen lieber einmal mehr darauf. Kundenservice wird bei uns großgeschrieben.</p>
      </div>
    </div>
        <div class="amt-slide" role="group" aria-roledescription="Slide" aria-label="3 von 4">
      <img class="amt-slide__img" src="https://bojarinow.de/wp-content/uploads/2022/03/dekra_1-1.jpg" alt="DEKRA Hauptuntersuchung" loading="lazy" decoding="async">
      <div class="amt-slide__overlay"></div>
      <div class="amt-slide__caption">
        <span class="amt-slide__kicker">DEKRA Hauptuntersuchung</span>
        <h2 class="amt-slide__headline">Wöchentlich mit Termin</h2>
        <p class="amt-slide__text">Vereinbaren Sie rechtzeitig Ihren Termin zur TÜV-Untersuchung direkt bei uns in der Werkstatt.</p>
      </div>
    </div>
        <div class="amt-slide" role="group" aria-roledescription="Slide" aria-label="4 von 4">
      <img class="amt-slide__img" src="https://bojarinow.de/wp-content/uploads/2022/04/boots_slider.jpg" alt="Bootsmotor Reparatur" loading="lazy" decoding="async">
      <div class="amt-slide__overlay"></div>
      <div class="amt-slide__caption">
        <span class="amt-slide__kicker">Ab sofort</span>
        <h2 class="amt-slide__headline">Bootsmotor-Reparaturen</h2>
        <p class="amt-slide__text">Wir bieten Ihnen die Wartung und Instandsetzung von Bootsmotoren aller Fabrikate.</p>
      </div>
    </div>
      </div>
  <button class="amt-slider__arrow amt-slider__arrow--prev" type="button" aria-label="Vorherige Folie">&#10094;</button>
  <button class="amt-slider__arrow amt-slider__arrow--next" type="button" aria-label="Nächste Folie">&#10095;</button>
  <div class="amt-slider__dots" role="tablist">
        <button class="amt-slider__dot is-active" type="button" role="tab" aria-label="Folie 1" data-index="0"></button>
        <button class="amt-slider__dot" type="button" role="tab" aria-label="Folie 2" data-index="1"></button>
        <button class="amt-slider__dot" type="button" role="tab" aria-label="Folie 3" data-index="2"></button>
        <button class="amt-slider__dot" type="button" role="tab" aria-label="Folie 4" data-index="3"></button>
      </div>
</div>
[/vc_column][/vc_row][vc_row full_width=&#8220;stretch_row&#8220; row_type=&#8220;row_full_center_content&#8220; margin_top=&#8220;-110&#8243; padding_bottom=&#8220;80&#8243; css=&#8220;.vc_custom_1648921749686{margin-top: 50px !important;padding-bottom: 70px !important;}&#8220;][vc_column width=&#8220;1/3&#8243;][autoservice_featured_box featured_image=&#8220;2502&#8243; featured_title=&#8220;Dienstags TÜV-Untersuchung&#8220; featured_excerpt=&#8220;In unserem Haus prüft DEKRA, als amtlich anerkannte Prüforganisation, Ihr Fahrzeug auf Verkehrstüchtigkeit und auf Erfüllung von Sicherheitsstandards. Wir prüfen Ihr Fahrzeug visuell, manuell und/oder elektronisch (auch über die elektronische Fahrzeugschnittstelle).&#8220;][/vc_column][vc_column width=&#8220;1/3&#8243;][autoservice_featured_box featured_image=&#8220;2516&#8243; featured_title=&#8220;Reifenservice &#8211; schnell &amp; flexibel&#8220; featured_excerpt=&#8220;Da die Sicherheit bei uns an erster Stelle kommt, legen wir Wert auf ein zuverlässiges, gründliches und präzises Arbeiten. Durch zahlreiche Services unterstützen wir neben Fahrsicherheit und Fahrkomfort auch die Lebensdauer der Fahrzeugreifen&#8220;][/vc_column][vc_column width=&#8220;1/3&#8243;][autoservice_featured_box featured_image=&#8220;2518&#8243; featured_title=&#8220;Jetboot Vermietung&#8220; featured_excerpt=&#8220;Um ein Jetboot bei uns zu mieten, solltest Du min. 21 Jahre alt sein. Am Tag der Abholung einen gültigen Personalausweis oder Reisepass griffbereit haben und einen Sportbootführerschein vorzeigen können. Gut Schwimmen zu können ist ebenfalls von Vorteil.&#8220;][/vc_column][/vc_row][vc_row full_width=&#8220;stretch_row&#8220; parallax=&#8220;content-moving&#8220; parallax_speed_bg=&#8220;2.5&#8243; row_type=&#8220;row_full_center_content&#8220; row_parallax=&#8220;false&#8220; padding_top=&#8220;140&#8243; padding_bottom=&#8220;140&#8243; css=&#8220;.vc_custom_1648644941278{padding-top: 100px !important;padding-bottom: 120px !important;background-image: url(https://amt-bojarinow.de/wp-content/uploads/2022/03/jetski_2.jpg?id=2511) !important;}&#8220; el_class=&#8220;dark_bg_overlay&#8220;][vc_column][autoservice_custom_heading heading=&#8220;JETSKIVERMIETUNG&#8220; heading_color=&#8220;#ffffff&#8220; position=&#8220;left&#8220; size=&#8220;16&#8243;][autoservice_custom_heading heading=&#8220;Wir bringen den Jetski auf Wunsch an den Einsatzort. Abholung bei uns inkl. Trailer ist ebenfalls möglich&#8220; heading_color=&#8220;#ffffff&#8220; position=&#8220;left&#8220; size=&#8220;28&#8243;][/vc_column][/vc_row][vc_row row_type=&#8220;row_full_center_content&#8220; padding_top=&#8220;100&#8243; class=&#8220;remove-excess-padding&#8220; padding_left=&#8220;20&#8243; padding_right=&#8220;20&#8243; css=&#8220;.vc_custom_1648921352550{padding-top: 25px !important;padding-bottom: 25px !important;}&#8220;][vc_column][autoservice_custom_heading heading=&#8220;Unser Service im Überblick&#8220; heading_color=&#8220;&#8220; position=&#8220;left&#8220;][autoservice_services_carousel services_carousel_per_row=&#8220;3&#8243; services_carousel_show_dots=&#8220;false&#8220; services_carousel_show_nav=&#8220;true&#8220; services_carousel_slide_speed=&#8220;500&#8243; services_carousel_number=&#8220;-1&#8243;][/vc_column][/vc_row][vc_row full_width=&#8220;stretch_row&#8220; parallax=&#8220;content-moving&#8220; parallax_speed_bg=&#8220;2.5&#8243; row_type=&#8220;row_full_center_content&#8220; bg_position=&#8220;center bottom&#8220; row_parallax=&#8220;false&#8220; padding_top=&#8220;140&#8243; padding_bottom=&#8220;140&#8243; css=&#8220;.vc_custom_1648735823027{padding-top: 100px !important;padding-bottom: 120px !important;background-image: url(https://amt-bojarinow.de/wp-content/uploads/2022/03/werkstatt_seite.jpg?id=2522) !important;}&#8220; el_class=&#8220;dark_bg_overlay&#8220;][vc_column][autoservice_custom_heading heading=&#8220;ERWEITERUNG UNSERER GESCHÄFTSRÄUME&#8220; heading_color=&#8220;#ffffff&#8220; position=&#8220;right&#8220; size=&#8220;16&#8243;][autoservice_custom_heading heading=&#8220;Derzeit arbeiten wir an einer Erweiterung unseres Unternehmens. Der Geschäftsverkehr geht ungehindert weiter&#8230;&#8220; heading_color=&#8220;#ffffff&#8220; position=&#8220;right&#8220; size=&#8220;28&#8243;][/vc_column][/vc_row][vc_row row_type=&#8220;row_full_center_content&#8220; padding_top=&#8220;10&#8243; padding_bottom=&#8220;100&#8243; class=&#8220;display-none-mobile&#8220; css=&#8220;.vc_custom_1648921677230{padding-top: 35px !important;padding-bottom: 35px !important;}&#8220;][vc_column width=&#8220;1/3&#8243;][autoservice_custom_heading heading=&#8220;Die Werkstatt&#8220; heading_color=&#8220;&#8220; position=&#8220;left&#8220; margin_top=&#8220;1&#8243;][vc_column_text]Seit Anfang 2014 sind wir in Bad Oldesloe mit unserem Dienstleistungsbetrieb aktiv. Eine Vielzahl an Kunden haben sich bereits im Gewerbegebiet Sandkamp ein erstes eigenes „Bild“ gemacht. Für uns ist es wichtig, dass der Kunde zufrieden ist und mit einem guten Gefühl gerne wieder zu uns kommt. Derzeit arbeiten wir an einem Betriebsausbau, den wir voraussichtlich bis zum Herbst 2022 abschließen.[/vc_column_text][/vc_column][vc_column width=&#8220;1/3&#8243;][autoservice_featured_box featured_image=&#8220;10391&#8243;][/vc_column][vc_column width=&#8220;1/3&#8243;][autoservice_featured_box featured_image=&#8220;10392&#8243;][/vc_column][/vc_row]</p>
</div>

<p>[vc_row padding_top=&#8220;0&#8243; class=&#8220;row-inner-wrapper-zerospace&#8220;][vc_column][/vc_column][/vc_row][vc_row full_width=&#8220;stretch_row&#8220; row_type=&#8220;row_full_center_content&#8220; margin_top=&#8220;-110&#8243; padding_bottom=&#8220;80&#8243; css=&#8220;.vc_custom_1648921749686{margin-top: 50px !important;padding-bottom: 70px !important;}&#8220;][vc_column width=&#8220;1/3&#8243;][autoservice_featured_box featured_image=&#8220;2502&#8243; featured_title=&#8220;Dienstags TÜV-Untersuchung&#8220; featured_excerpt=&#8220;In unserem&#8230;</p>
